{"id":33,"date":"2021-03-31T14:47:24","date_gmt":"2021-03-31T12:47:24","guid":{"rendered":"http:\/\/julia.komasinski.pl\/?page_id=33"},"modified":"2021-03-31T15:05:31","modified_gmt":"2021-03-31T13:05:31","slug":"o-mnie","status":"publish","type":"page","link":"https:\/\/julia.komasinski.pl\/index.php\/o-mnie\/","title":{"rendered":"O mnie"},"content":{"rendered":"\n<p>Witaj! Nazywam si\u0119 Julia, moj\u0105 pasj\u0105 s\u0105 konie. Ten blog jest o pod\u0105\u017caniu za w\u0142asnymi marzeniami oraz wyznaczonymi celami. Ka\u017cde dni sp\u0119dzam z ko\u0144mi, ucz\u0119 si\u0119 ich mowy cia\u0142a. Umiem rozpozna\u0107 bardzo du\u017co rzeczy zwi\u0105zanymi z nimi. je\u015bli tak samo jak ja pod\u0105\u017casz za swoimi marzeniami to b\u0105d\u017a na bie\u017c\u0105co z moim blogiem.<\/p>\n\n\n\n<figure class=\"wp-block-image size-large is-resized\"><img loading=\"lazy\" decoding=\"async\" src=\"http:\/\/julia.komasinski.pl\/wp-content\/uploads\/2021\/03\/136130294_507493347085045_7496033340918730758_n-683x1024.jpg\" alt=\"\" class=\"wp-image-29\" width=\"261\" height=\"392\" srcset=\"https:\/\/julia.komasinski.pl\/wp-content\/uploads\/2021\/03\/136130294_507493347085045_7496033340918730758_n-683x1024.jpg 683w, https:\/\/julia.komasinski.pl\/wp-content\/uploads\/2021\/03\/136130294_507493347085045_7496033340918730758_n-200x300.jpg 200w, https:\/\/julia.komasinski.pl\/wp-content\/uploads\/2021\/03\/136130294_507493347085045_7496033340918730758_n-768x1152.jpg 768w, https:\/\/julia.komasinski.pl\/wp-content\/uploads\/2021\/03\/136130294_507493347085045_7496033340918730758_n.jpg 1024w\" sizes=\"auto, (max-width: 261px) 100vw, 261px\" \/><\/figure>\n","protected":false},"excerpt":{"rendered":"<p>Witaj! Nazywam si\u0119 Julia, moj\u0105 pasj\u0105 s\u0105 konie. Ten blog jest o pod\u0105\u017caniu za w\u0142asnymi marzeniami oraz wyznaczonymi celami. Ka\u017cde dni sp\u0119dzam z ko\u0144mi, ucz\u0119 si\u0119 ich mowy cia\u0142a. Umiem rozpozna\u0107 bardzo du\u017co rzeczy zwi\u0105zanymi z nimi. je\u015bli tak samo jak ja pod\u0105\u017casz za swoimi marzeniami to b\u0105d\u017a na bie\u017c\u0105co z moim blogiem.<\/p>\n","protected":false},"author":1,"featured_media":0,"parent":0,"menu_order":0,"comment_status":"closed","ping_status":"closed","template":"","meta":{"footnotes":""},"class_list":["post-33","page","type-page","status-publish","hentry"],"_links":{"self":[{"href":"https:\/\/julia.komasinski.pl\/index.php\/wp-json\/wp\/v2\/pages\/33","targetHints":{"allow":["GET"]}}],"collection":[{"href":"https:\/\/julia.komasinski.pl\/index.php\/wp-json\/wp\/v2\/pages"}],"about":[{"href":"https:\/\/julia.komasinski.pl\/index.php\/wp-json\/wp\/v2\/types\/page"}],"author":[{"embeddable":true,"href":"https:\/\/julia.komasinski.pl\/index.php\/wp-json\/wp\/v2\/users\/1"}],"replies":[{"embeddable":true,"href":"https:\/\/julia.komasinski.pl\/index.php\/wp-json\/wp\/v2\/comments?post=33"}],"version-history":[{"count":2,"href":"https:\/\/julia.komasinski.pl\/index.php\/wp-json\/wp\/v2\/pages\/33\/revisions"}],"predecessor-version":[{"id":59,"href":"https:\/\/julia.komasinski.pl\/index.php\/wp-json\/wp\/v2\/pages\/33\/revisions\/59"}],"wp:attachment":[{"href":"https:\/\/julia.komasinski.pl\/index.php\/wp-json\/wp\/v2\/media?parent=33"}],"curies":[{"name":"wp","href":"https:\/\/api.w.org\/{rel}","templated":true}]}}