{"id":83,"date":"2021-04-01T10:41:39","date_gmt":"2021-04-01T08:41:39","guid":{"rendered":"http:\/\/julia.komasinski.pl\/?page_id=83"},"modified":"2021-04-01T10:41:39","modified_gmt":"2021-04-01T08:41:39","slug":"o-blogu","status":"publish","type":"page","link":"https:\/\/julia.komasinski.pl\/index.php\/o-blogu\/","title":{"rendered":"O blogu"},"content":{"rendered":"\n<p>Pewnie wi\u0119kszo\u015b\u0107 z was zastanawia si\u0119 po co jest ten blog&#8230;<br>Blog jest o marzeniach, o codziennym \u017cyciu. Ma na celu pokazania nam \u017ce pomimo tej ca\u0142ej Pandemii <br>mo\u017cna si\u0119 dobrze bawi\u0107! <br>Mo\u017cna spe\u0142nia\u0107 swoje marzenia i cieszy\u0107 si\u0119 z prostych i ma\u0142o znacz\u0105cych rzeczy. <br>Jestem pewna \u017ce pewnie 99.9% z nas ma jakie\u015b marzenia, jedni je spe\u0142niaj\u0105 a drudzy nie&#8230;<br>Moim by\u0142 Sheridan. Zobaczcie ile jest mi\u0142ej zabawy, budowanie prawdziwej wi\u0119zi. <br>Posiadanie w\u0142asnego przyjaciela, kt\u00f3ry si\u0119 od nas nie odwr\u00f3ci, kt\u00f3ry nie zdradzi&#8230;. <br>Na blogu b\u0119d\u0105 r\u00f3wnie\u017c pojawia\u0107 si\u0119 kreatywne pomys\u0142y na trening. Praca z dr\u0105gami, Parkury, <br>Uje\u017cd\u017cenie. Tak rozbie\u017cne sprawy a jednak tak samo pi\u0119kne. B\u0119d\u0105 nawet wsp\u00f3lne wakacyjne wycieczki! <br>Do r\u00f3\u017cnych o\u015brodk\u00f3w wypoczynkowych dla mnie i dla konia! <br>Zobaczcie! Ten blog na wspania\u0142\u0105 przysz\u0142o\u015b\u0107. Mo\u017cemy razem go tworzy\u0107, <br>Piszcie w komentarzach jakie posty lubicie najbardziej a ja postaram si\u0119 sprosta\u0107 waszym oczekiwaniom. <br><\/p>\n","protected":false},"excerpt":{"rendered":"<p>Pewnie wi\u0119kszo\u015b\u0107 z was zastanawia si\u0119 po co jest ten blog&#8230;Blog jest o marzeniach, o codziennym \u017cyciu. Ma na celu pokazania nam \u017ce pomimo tej ca\u0142ej Pandemii mo\u017cna si\u0119 dobrze bawi\u0107! Mo\u017cna spe\u0142nia\u0107 swoje marzenia i cieszy\u0107 si\u0119 z prostych i ma\u0142o znacz\u0105cych rzeczy. Jestem pewna \u017ce pewnie 99.9% z nas ma jakie\u015b marzenia, jedni&#8230;<\/p>\n","protected":false},"author":1,"featured_media":0,"parent":0,"menu_order":0,"comment_status":"closed","ping_status":"closed","template":"","meta":{"footnotes":""},"class_list":["post-83","page","type-page","status-publish","hentry"],"_links":{"self":[{"href":"https:\/\/julia.komasinski.pl\/index.php\/wp-json\/wp\/v2\/pages\/83","targetHints":{"allow":["GET"]}}],"collection":[{"href":"https:\/\/julia.komasinski.pl\/index.php\/wp-json\/wp\/v2\/pages"}],"about":[{"href":"https:\/\/julia.komasinski.pl\/index.php\/wp-json\/wp\/v2\/types\/page"}],"author":[{"embeddable":true,"href":"https:\/\/julia.komasinski.pl\/index.php\/wp-json\/wp\/v2\/users\/1"}],"replies":[{"embeddable":true,"href":"https:\/\/julia.komasinski.pl\/index.php\/wp-json\/wp\/v2\/comments?post=83"}],"version-history":[{"count":1,"href":"https:\/\/julia.komasinski.pl\/index.php\/wp-json\/wp\/v2\/pages\/83\/revisions"}],"predecessor-version":[{"id":85,"href":"https:\/\/julia.komasinski.pl\/index.php\/wp-json\/wp\/v2\/pages\/83\/revisions\/85"}],"wp:attachment":[{"href":"https:\/\/julia.komasinski.pl\/index.php\/wp-json\/wp\/v2\/media?parent=83"}],"curies":[{"name":"wp","href":"https:\/\/api.w.org\/{rel}","templated":true}]}}